ppose -4*m = -n*t + 5*t - 262, -257 = -2*t + m. What is the hundreds digit of t?
1
Suppose -5 = 4*s + 3. Let u be s*(2 + 3 + 3). What is the units digit of (u/(-3))/(3/9)?
6
Let s(w) = -2*w**3 - w**2 + w - 4. Let c be s(-3). Suppose 4*u + 46 = -4*g - c, -27 = 2*u - 3*g. What is the units digit of 2/u*3*-171?
7
Let s(g) = -2*g**2 + 12*g - 4. Let w(l) = 2*l**2 - 11*l + 5. Let j(d) = -3*s(d) - 2*w(d). What is the tens digit of j(13)?
5
Let w = -3 + 13. What is the tens digit of (8/w)/2 - 1729/(-65)?
2
Let h be 1/1*-1 + 0. Let j(y) = 3*y**3 - 2*y**2 - 2*y - 1. Let k be j(h). Let t(x) = x**3 + 6*x**2 + 6*x + 5. What is the tens digit of t(k)?
1
Let n(o) = 4*o + 41. Let z be n(-22). Let g = z + 57. What is the tens digit of g?
1
Suppose 9*l - 168 = 1866. What is the tens digit of l?
2
Let f = 2122 + -1253. What is the tens digit of f?
6
Let m = 4 - 0. Let l(p) = -2*p + 9. Let g be l(m). What is the tens digit of 23*g - (-10 - -9)?
2
Suppose -108 = -0*q + 4*q. What is the units digit of 6/q + (-47)/(-9)?
5
Let b(i) = i**3 - 3*i**2 - 2*i - 3. Let m(w) = w**3 - w**2 - w - 1. Let l(g) = b(g) - 2*m(g). Let f be l(0). What is the units digit of 3*(1 - -3 - f)?
5
Suppose -23*y + 12320 = 2798. What is the hundreds digit of y?
4
Let m = 293 + -199. What is the tens digit of m?
9
Let s = 8 + -22. Let y = s - -6. Let z(l) = l**2 + 4*l - 6. What is the units digit of z(y)?
6
Let u be 4*((135/12)/(-3) + 0). What is the units digit of 736/(-24)*u/2?
0
Let j(s) = 18*s**2 + 33*s - 55. What is the hundreds digit of j(6)?
7
Let o(v) = v**3 - 17*v**2 - 19*v + 2. Let m be o(18). Let j(n) = -n**3 - 16*n**2 - 6*n + 6. What is the hundreds digit of j(m)?
1
Suppose 4 = -l + 2*d + 21, -40 = -3*l - 5*d. Suppose l = 3*s + 2*s + 5*z, 5*s = z + 21. Suppose a + 0*a - 4*o = 68, -s*o = 16. What is the units digit of a?
2
Let z(l) = 3 - 2 - 7 - 21*l. What is the tens digit of z(-3)?
5
Suppose -2 = 3*b - m - 18, 4*m = -4. Let i = 60 - 32. Suppose 57 = b*q - i. What is the tens digit of q?
1
Suppose -2*k = -5*s - 424, 2*k = 4*k + s - 436. What is the hundreds digit of k?
2
Suppose -8*k + 7*k + 719 = 0. What is the hundreds digit of k?
7
Let s(i) = -2*i**2 - 11*i + 6. Let w be 196/(-35) - 4/10. Let l be s(w). Suppose -4*a + 4*y + 4 = l, -2*y = 2*a + 3*y - 9. What is the units digit of a?
2
Let n = -2 + 14. Let l(y) = -5*y - 11. Let a be l(-5). Let b = a - n. What is the units digit of b?
2
Suppose 0 = 8*r - 4*r - b - 20, 2*r - 16 = 2*b. Suppose 0 = -6*y + r + 8. What is the units digit of (y/6)/(2/222)?
7
Suppose 27 = -14*w + 11*w. Let f(j) be the first derivative of j**4/4 + 10*j**3/3 + j**2 - 13*j + 3. What is the units digit of f(w)?
0
Let o(k) = k. Let a be o(0). Let n be 1 + a - (2 + 0). Let d = n - -16. What is the tens digit of d?
1
Let j(y) = -22*y**3 - y + 1. Let n(a) = a**3 + a**2. Let q(k) = -j(k) - n(k). Let m be ((-7)/(-14))/(1/2). What is the units digit of q(m)?
0
Suppose 9*j - 4*j + 4*f = 452, 2*f - 6 = 0. Suppose 2*m = 42 + j. What is the tens digit of m?
6
Let l = 83 + -25. Let x = 85 - l. What is the tens digit of x?
2
Suppose 0 = 2*f + 3*f + 4*n - 1533, 0 = -5*f + 2*n + 1551. What is the tens digit of f?
0
Let t(s) be the first derivative of s**5/120 + 3*s**4/4 - s**3 - 12. Let z(q) be the third derivative of t(q). What is the units digit of z(-14)?
4
Suppose 1 = q + 3. Let r(c) = -14*c - 4. What is the tens digit of r(q)?
2
Suppose 0 = 2*l + 5*z - 500, 0 = -2*l + 2*z - 63 + 591. Suppose 3*s + l = 8*s. Let i = 104 - s. What is the tens digit of i?
5
Suppose 344 = 3*s + 4*a, s - 214 = -4*a - 86. Suppose j - s = 41. What is the units digit of j?
9
Let b = 34 - 31. What is the units digit of 0/b - -40 - 3?
7
Let k = -4 - -8. Let o be (2/6)/(k/(-36)). What is the tens digit of o*4/(36/(-39))?
1
Suppose -18 = 5*x + 2. Let n be x/10 - 286/(-65). Suppose 0 = -2*q - 2*q, 4*k = -n*q + 8. What is the units digit of k?
2
Let s be ((-42)/4 - 6/(-2))*-14. Suppose -165 = -3*w - 3*l - l, 2*w - s = -l. What is the units digit of w?
1
Suppose -3*w - 156 = -4*w. Suppose -2*t + w = 3*d, 3*t + d - 227 = -0*t. Suppose 3*l - t = -0*l. What is the tens digit of l?
2
Let v be (0 - 2)*38/(-4) + -2. Suppose -q = -42 - v. What is the tens digit of q?
5
Suppose -3*q - 2*q + 25 = 0. Let h be 0 + -1 + 15/q. Suppose -h*u + 34 = -u - 5*r, -5*u + 130 = -5*r. What is the tens digit of u?
2
Let n be (-1613)/(-9) - 7/((-252)/(-8)). Let u = -126 + n. What is the tens digit of u?
5
Let b(d) = 2*d**3 + 5*d**2 - 7*d - 20. What is the hundreds digit of b(7)?
8
Let w(l) = -2 + 2 + 11*l + 4. Suppose -3*v + 3*p = 19 - 43, 5*v = 2*p + 31. What is the units digit of w(v)?
9
Let y be 1*(3 + (-8 - -3)). Let r be (30/(-25))/(y/50). Suppose 2*v = -3*o - 2*o + r, 46 = 2*v + o. What is the tens digit of v?
2
Let y = 400 + -592. Let n = 300 + y. What is the units digit of n?
8
Let k(h) = -h**2 - 13*h + 178. What is the tens digit of k(0)?
7
Suppose 0*v = 5*v - 40. Let w = 3 - v. What is the units digit of (-1 - w)/(-4) + 5?
4
Suppose 0 = 5*s - 8*s + 18. What is the tens digit of (-4)/s*(10 - 7)*-46?
9
Suppose 0 = -5*x + 17 - 2. Suppose -14 = -4*q + 10. Suppose 1 = l, -26 = -x*p + l - q*l. What is the units digit of p?
7
Let m be 0/(-3 - -1) + 5. Suppose 5*z = x + 131 + 244, m*z - 2*x = 375. What is the units digit of z?
5
Let z(t) = -2*t**3 - 16*t**2 + 8*t + 105. What is the tens digit of z(-12)?
6
Let i be ((-20)/(-25))/((-4)/(-10)). Let m = -1 - -3. Suppose -o + i = m*u, u + 5*o - 1 = -0*o. What is the units digit of u?
1
Let x(d) = 63*d - 124. Let f be x(2). Let i(k) = k**2 + 4. Let o be i(0). What is the tens digit of f*(-4)/o + 25?
2
What is the tens digit of ((-2)/(-6))/((-51)/(-381276))?
9
Let u be 3 + 4 + -3 + 0. Suppose -4*m = -5*l + 280, 285 = u*l + l - 5*m. What is the tens digit of l?
5
What is the hundreds digit of ((-1632)/(-34))/((-4)/(-30) - 0)?
3
Suppose 0 = -44*r + 19*r + 6325. What is the units digit of r?
3
Let j(q) = 14*q**2 + 2*q - 1. Let z be j(1). Let h(a) = a**2 + 9*a - 4. Let r be h(-9). What is the units digit of 4/(-8)*r*z?
0
Let u = -4 + 13. Suppose -3*l = q - 19, -4*l = 5*q - u + 2. What is the units digit of l?
8
Let r(n) = -n**3 + 17*n**2 - 16*n + 12. Let y be r(16). Suppose 30 + y = 3*z. What is the units digit of z?
4
Suppose -23*f = -20*f - 30. Suppose 5*z = f*z - 590. What is the tens digit of z?
1
What is the tens digit of ((-698)/(-5))/((18/(-5))/(-9))?
4
Let b = 1578 + -201. What is the hundreds digit of b?
3
Let o = 1 + -19. Let h = -10 - o. Let n = 11 - h. What is the units digit of n?
3
Let f(v) = -v**2 + 71*v + 32. What is the units digit of f(19)?
0
Suppose 2*v = v - 1, 3*u - 10 = 4*v. Suppose n + n = -u. What is the units digit of (n - -2)/((-6)/(-30))?
5
Suppose -4646 = -9*d + 17809. What is the hundreds digit of d?
4
Suppose 2*v = 7*v - 10. Let a = -1 + v. Let m(s) = 20*s**3 + s - 1. What is the units digit of m(a)?
0
Suppose 0 = -f + 9354 - 8511. What is the tens digit of f?
4
Let v be 11 + -2 + 1/(-1). Suppose v*r - 4*r - 104 = 0. What is the units digit of r?
6
What is the units digit of (24/16 + 0)*182?
3
Let x = -21 + 25. Suppose -x*y + 2*v = -60, -y + 3*y - 24 = 4*v. Suppose 5*f = -5*h + 80, y = -6*h + 2*h. What is the units digit of f?
0
Let y be (-1)/(3/(-39))*10/2. Let t = 106 - y. What is the units digit of t?
1
Suppose 2737 = 5*o + 257. Let a = o - 217. What is the units digit of a?
9
Suppose -6*j + 2*j = -16. Suppose -2*a + j*u + u + 25 = 0, 5*u = 3*a - 25. Suppose 0*w - 3*w + 75 = a. What is the tens digit of w?
2
Suppose -l = -5*o + 9, 4*l - 5 = -l. Suppose 5*t = 2*j + 680, 3*t - 136 = o*t - 3*j. What is the units digit of t?
6
Let q(z) = 1196*z**3 + z**2 - 29*z + 28. What is the tens digit of q(1)?
9
Suppose 5*m = 10*n - 15*n + 6690, 0 = 4*n - 4*m - 5376. What is the units digit of n?
1
Suppose 0 = 4*o + 5*h - 3*h - 1088, o - 282 = -3*h. Suppose -3*a = -0*a - o. Suppose -5*u = -2*u - a. What is the tens digit of u?
3
Let s = 8 - 44. Let q be 1/(-3) + 96/s. Let h(x) = -x**3 - 2*x**2 + x + 3. What is the units digit of h(q)?
9
Let m = 138 - 10. What is the hundreds digit of m - (-8)/(15/3 - 3)?
1
What is the units digit of 9 + (-183)/21 - (-1685)/7?
1
Suppose -4*a = 1 - 17. Suppose a*c - 3*c - 36 = -2*i, 2*c + 2*i = 78. What is the tens digit of 584/14 